{"id":151,"date":"2025-06-05T21:11:09","date_gmt":"2025-06-05T19:11:09","guid":{"rendered":"https:\/\/janommen.de\/?page_id=151"},"modified":"2025-12-22T08:30:17","modified_gmt":"2025-12-22T07:30:17","slug":"webdesign","status":"publish","type":"page","link":"https:\/\/janommen.de\/index.php\/webdesign\/","title":{"rendered":"WEBSITE"},"content":{"rendered":"\n<h4 class=\"wp-block-heading\"><mark style=\"background-color:rgba(0, 0, 0, 0);color:#798e7b\" class=\"has-inline-color\">WEBDESIGN<\/mark><\/h4>\n\n\n\n<p>Ob Portfolio oder Unternehmensauftritt \u2013 ich setze deine Marke online in Szene, klar, stilvoll und responsive.<\/p>\n\n\n\n<p>Ich biete ein Rundum-sorglos-Paket \u2013 von der Konzeption und Umsetzung bis hin zum Hosting und der fortlaufenden Betreuung deiner Website.<\/p>\n\n\n\n<div class=\"wp-block-buttons is-layout-flex wp-block-buttons-is-layout-flex\">\n<div class=\"wp-block-button\"><a class=\"wp-block-button__link wp-element-button\" href=\"https:\/\/janommen.de\/index.php\/kontakt\/\">unverbindlich anfragen<\/a><\/div>\n<\/div>\n\n\n\n<div style=\"height:75px\" aria-hidden=\"true\" class=\"wp-block-spacer\"><\/div>\n\n\n\n<h6 class=\"wp-block-heading\"><mark style=\"background-color:rgba(0, 0, 0, 0);color:#798e7b\" class=\"has-inline-color\">Beispiel Websites<\/mark><\/h6>\n\n\n\n<div style=\"height:75px\" aria-hidden=\"true\" class=\"wp-block-spacer\"><\/div>\n\n\n\n<div class=\"wp-block-media-text is-stacked-on-mobile has-background-color has-primary-background-color has-text-color has-background has-link-color wp-elements-9fd158ad1dcfcd78f8e9f274e2a072e1\" style=\"border-radius:31px;padding-top:var(--wp--preset--spacing--50);padding-right:var(--wp--preset--spacing--50);padding-bottom:var(--wp--preset--spacing--50);padding-left:var(--wp--preset--spacing--50)\"><figure class=\"wp-block-media-text__media\"><img loading=\"lazy\" decoding=\"async\" width=\"1024\" height=\"576\" src=\"https:\/\/janommen.de\/wp-content\/uploads\/2025\/06\/Gross-Bildschirmfoto-2025-06-05-um-20.38.02-1-e1749211441513-1024x576.jpeg\" alt=\"\" class=\"wp-image-391 size-full\" srcset=\"https:\/\/janommen.de\/wp-content\/uploads\/2025\/06\/Gross-Bildschirmfoto-2025-06-05-um-20.38.02-1-e1749211441513-1024x576.jpeg 1024w, https:\/\/janommen.de\/wp-content\/uploads\/2025\/06\/Gross-Bildschirmfoto-2025-06-05-um-20.38.02-1-e1749211441513-300x169.jpeg 300w, https:\/\/janommen.de\/wp-content\/uploads\/2025\/06\/Gross-Bildschirmfoto-2025-06-05-um-20.38.02-1-e1749211441513-768x432.jpeg 768w, https:\/\/janommen.de\/wp-content\/uploads\/2025\/06\/Gross-Bildschirmfoto-2025-06-05-um-20.38.02-1-e1749211441513-500x281.jpeg 500w, https:\/\/janommen.de\/wp-content\/uploads\/2025\/06\/Gross-Bildschirmfoto-2025-06-05-um-20.38.02-1-e1749211441513-800x450.jpeg 800w, https:\/\/janommen.de\/wp-content\/uploads\/2025\/06\/Gross-Bildschirmfoto-2025-06-05-um-20.38.02-1-e1749211441513.jpeg 1280w\" sizes=\"auto, (max-width: 1024px) 100vw, 1024px\" \/><\/figure><div class=\"wp-block-media-text__content\">\n<h4 class=\"wp-block-heading\">YVON CHABROWSKI<\/h4>\n\n\n\n<p>Yvon Chabrowski ist eine deutsche K\u00fcnstlerin, die im Medium Bewegtbild und Video-Skulptur arbeitet.<\/p>\n\n\n\n<p>Ich habe eine Portfolio Website f\u00fcr sie erstellt.<\/p>\n\n\n\n<div class=\"wp-block-buttons is-layout-flex wp-block-buttons-is-layout-flex\">\n<div class=\"wp-block-button\"><a class=\"wp-block-button__link has-primary-color has-background-background-color has-text-color has-background has-link-color wp-element-button\" href=\"https:\/\/chabrowski.info\/\" target=\"_blank\" rel=\"noreferrer noopener\">Zur Website<\/a><\/div>\n<\/div>\n<\/div><\/div>\n\n\n\n<div style=\"height:75px\" aria-hidden=\"true\" class=\"wp-block-spacer\"><\/div>\n\n\n\n<div class=\"wp-block-media-text has-media-on-the-right is-stacked-on-mobile has-background-color has-primary-background-color has-text-color has-background has-link-color wp-elements-55deada6ab2434a154ba4c7112dadcf4\" style=\"border-style:none;border-width:0px;border-radius:31px;padding-top:var(--wp--preset--spacing--50);padding-right:var(--wp--preset--spacing--50);padding-bottom:var(--wp--preset--spacing--50);padding-left:var(--wp--preset--spacing--50)\"><div class=\"wp-block-media-text__content\">\n<h4 class=\"wp-block-heading\">Netzwerk Alma<\/h4>\n\n\n\n<p>alma ist ein Netzwerk von und f\u00fcr Landwirt*innen, Angeh\u00f6rige und Freund*innen behinderter Menschen und Integrationsbegleiter*innen- kurz, f\u00fcr alle, die mit der Besch\u00e4ftigung von Menschen mit Behinderung in der Landwirtschaft zu tun haben.<\/p>\n\n\n\n<p>F\u00fcr das Netzwerk alma habe ich eine neue Website erstellt.<\/p>\n\n\n\n<div class=\"wp-block-buttons is-layout-flex wp-block-buttons-is-layout-flex\">\n<div class=\"wp-block-button\"><a class=\"wp-block-button__link has-primary-color has-background-background-color has-text-color has-background has-link-color wp-element-button\" href=\"http:\/\/netzwerk-alma.de\" target=\"_blank\" rel=\"noreferrer noopener\">Zur Website<\/a><\/div>\n<\/div>\n<\/div><figure class=\"wp-block-media-text__media\"><img loading=\"lazy\" decoding=\"async\" width=\"1024\" height=\"577\" src=\"https:\/\/janommen.de\/wp-content\/uploads\/2025\/12\/Bildschirmfoto-2025-12-04-um-08.45.58-e1764834571916-1024x577.jpg\" alt=\"\" class=\"wp-image-595 size-full\" srcset=\"https:\/\/janommen.de\/wp-content\/uploads\/2025\/12\/Bildschirmfoto-2025-12-04-um-08.45.58-e1764834571916-1024x577.jpg 1024w, https:\/\/janommen.de\/wp-content\/uploads\/2025\/12\/Bildschirmfoto-2025-12-04-um-08.45.58-e1764834571916-300x169.jpg 300w, https:\/\/janommen.de\/wp-content\/uploads\/2025\/12\/Bildschirmfoto-2025-12-04-um-08.45.58-e1764834571916-768x433.jpg 768w, https:\/\/janommen.de\/wp-content\/uploads\/2025\/12\/Bildschirmfoto-2025-12-04-um-08.45.58-e1764834571916-1536x866.jpg 1536w, https:\/\/janommen.de\/wp-content\/uploads\/2025\/12\/Bildschirmfoto-2025-12-04-um-08.45.58-e1764834571916-500x282.jpg 500w, https:\/\/janommen.de\/wp-content\/uploads\/2025\/12\/Bildschirmfoto-2025-12-04-um-08.45.58-e1764834571916-800x451.jpg 800w, https:\/\/janommen.de\/wp-content\/uploads\/2025\/12\/Bildschirmfoto-2025-12-04-um-08.45.58-e1764834571916-1280x721.jpg 1280w, https:\/\/janommen.de\/wp-content\/uploads\/2025\/12\/Bildschirmfoto-2025-12-04-um-08.45.58-e1764834571916.jpg 1920w\" sizes=\"auto, (max-width: 1024px) 100vw, 1024px\" \/><\/figure><\/div>\n\n\n\n<div style=\"height:75px\" aria-hidden=\"true\" class=\"wp-block-spacer\"><\/div>\n\n\n\n<div class=\"wp-block-media-text is-stacked-on-mobile has-background-color has-primary-background-color has-text-color has-background has-link-color wp-elements-706f94a65a648691dec94fc6c0b76f99\" style=\"border-radius:31px;padding-top:var(--wp--preset--spacing--50);padding-right:var(--wp--preset--spacing--50);padding-bottom:var(--wp--preset--spacing--50);padding-left:var(--wp--preset--spacing--50)\"><figure class=\"wp-block-media-text__media\"><img loading=\"lazy\" decoding=\"async\" width=\"1024\" height=\"576\" src=\"https:\/\/janommen.de\/wp-content\/uploads\/2025\/12\/Bildschirmfoto-2025-12-19-um-14.03.21-e1766168233398-1024x576.jpg\" alt=\"\" class=\"wp-image-599 size-full\"\/><\/figure><div class=\"wp-block-media-text__content\">\n<h4 class=\"wp-block-heading\">Weinberg Institut<\/h4>\n\n\n\n<p>Seit 2017 lehrt das Team des Weinberg Instituts die Methode der \u201eTraumabezogenen Spietherapie\u201c nach Dorothea Weinberg und bietet Seminare f\u00fcr die psychotherapeutische Arbeit mit komplex traumatisierten Kindern und Jugendlichen an.<\/p>\n\n\n\n<p>F\u00fcr das Weinberg Institut habe ich eine neue Website erstellt.<\/p>\n\n\n\n<div class=\"wp-block-buttons is-layout-flex wp-block-buttons-is-layout-flex\">\n<div class=\"wp-block-button\"><a class=\"wp-block-button__link has-primary-color has-background-background-color has-text-color has-background has-link-color wp-element-button\" href=\"http:\/\/weinberg-institut.de\" target=\"_blank\" rel=\"noreferrer noopener\">Zur Website<\/a><\/div>\n<\/div>\n<\/div><\/div>\n\n\n\n<div style=\"height:75px\" aria-hidden=\"true\" class=\"wp-block-spacer\"><\/div>\n\n\n\n<p><\/p>\n","protected":false},"excerpt":{"rendered":"<p>WEBDESIGN Ob Portfolio oder Unternehmensauftritt \u2013 ich setze deine Marke online in Szene, klar, stilvoll und responsive. Ich biete ein Rundum-sorglos-Paket \u2013 von der Konzeption und Umsetzung bis hin zum Hosting und der fortlaufenden Betreuung deiner Website. Beispiel Websites<\/p>\n","protected":false},"author":1,"featured_media":0,"parent":0,"menu_order":0,"comment_status":"closed","ping_status":"closed","template":"","meta":{"_vp_format_video_url":"","_vp_image_focal_point":[],"footnotes":""},"class_list":["post-151","page","type-page","status-publish","hentry"],"_links":{"self":[{"href":"https:\/\/janommen.de\/index.php\/wp-json\/wp\/v2\/pages\/151","targetHints":{"allow":["GET"]}}],"collection":[{"href":"https:\/\/janommen.de\/index.php\/wp-json\/wp\/v2\/pages"}],"about":[{"href":"https:\/\/janommen.de\/index.php\/wp-json\/wp\/v2\/types\/page"}],"author":[{"embeddable":true,"href":"https:\/\/janommen.de\/index.php\/wp-json\/wp\/v2\/users\/1"}],"replies":[{"embeddable":true,"href":"https:\/\/janommen.de\/index.php\/wp-json\/wp\/v2\/comments?post=151"}],"version-history":[{"count":26,"href":"https:\/\/janommen.de\/index.php\/wp-json\/wp\/v2\/pages\/151\/revisions"}],"predecessor-version":[{"id":603,"href":"https:\/\/janommen.de\/index.php\/wp-json\/wp\/v2\/pages\/151\/revisions\/603"}],"wp:attachment":[{"href":"https:\/\/janommen.de\/index.php\/wp-json\/wp\/v2\/media?parent=151"}],"curies":[{"name":"wp","href":"https:\/\/api.w.org\/{rel}","templated":true}]}}

<h4 class="wp-block-heading"><mark style="background-color:rgba(0, 0, 0, 0);color:#798e7b" class="has-inline-color">WEBDESIGN</mark></h4>



<p>Ob Portfolio oder Unternehmensauftritt – ich setze deine Marke online in Szene, klar, stilvoll und responsive.</p>



<p>Ich biete ein Rundum-sorglos-Paket – von der Konzeption und Umsetzung bis hin zum Hosting und der fortlaufenden Betreuung deiner Website.</p>



<div class="wp-block-buttons is-layout-flex wp-block-buttons-is-layout-flex">
<div class="wp-block-button"><a class="wp-block-button__link wp-element-button" href="https://janommen.de/index.php/kontakt/">unverbindlich anfragen</a></div>
</div>



<div style="height:75px" aria-hidden="true" class="wp-block-spacer"></div>



<h6 class="wp-block-heading"><mark style="background-color:rgba(0, 0, 0, 0);color:#798e7b" class="has-inline-color">Beispiel Websites</mark></h6>



<div style="height:75px" aria-hidden="true" class="wp-block-spacer"></div>



<div class="wp-block-media-text is-stacked-on-mobile has-background-color has-primary-background-color has-text-color has-background has-link-color wp-elements-9fd158ad1dcfcd78f8e9f274e2a072e1" style="border-radius:31px;padding-top:var(--wp--preset--spacing--50);padding-right:var(--wp--preset--spacing--50);padding-bottom:var(--wp--preset--spacing--50);padding-left:var(--wp--preset--spacing--50)"><figure class="wp-block-media-text__media"><img loading="lazy" decoding="async" width="1024" height="576" src="https://janommen.de/wp-content/uploads/2025/06/Gross-Bildschirmfoto-2025-06-05-um-20.38.02-1-e1749211441513-1024x576.jpeg" alt="" class="wp-image-391 size-full" srcset="https://janommen.de/wp-content/uploads/2025/06/Gross-Bildschirmfoto-2025-06-05-um-20.38.02-1-e1749211441513-1024x576.jpeg 1024w, https://janommen.de/wp-content/uploads/2025/06/Gross-Bildschirmfoto-2025-06-05-um-20.38.02-1-e1749211441513-300x169.jpeg 300w, https://janommen.de/wp-content/uploads/2025/06/Gross-Bildschirmfoto-2025-06-05-um-20.38.02-1-e1749211441513-768x432.jpeg 768w, https://janommen.de/wp-content/uploads/2025/06/Gross-Bildschirmfoto-2025-06-05-um-20.38.02-1-e1749211441513-500x281.jpeg 500w, https://janommen.de/wp-content/uploads/2025/06/Gross-Bildschirmfoto-2025-06-05-um-20.38.02-1-e1749211441513-800x450.jpeg 800w, https://janommen.de/wp-content/uploads/2025/06/Gross-Bildschirmfoto-2025-06-05-um-20.38.02-1-e1749211441513.jpeg 1280w" sizes="auto, (max-width: 1024px) 100vw, 1024px" /></figure><div class="wp-block-media-text__content">
<h4 class="wp-block-heading">YVON CHABROWSKI</h4>



<p>Yvon Chabrowski ist eine deutsche Künstlerin, die im Medium Bewegtbild und Video-Skulptur arbeitet.</p>



<p>Ich habe eine Portfolio Website für sie erstellt.</p>



<div class="wp-block-buttons is-layout-flex wp-block-buttons-is-layout-flex">
<div class="wp-block-button"><a class="wp-block-button__link has-primary-color has-background-background-color has-text-color has-background has-link-color wp-element-button" href="https://chabrowski.info/" target="_blank" rel="noreferrer noopener">Zur Website</a></div>
</div>
</div></div>



<div style="height:75px" aria-hidden="true" class="wp-block-spacer"></div>



<div class="wp-block-media-text has-media-on-the-right is-stacked-on-mobile has-background-color has-primary-background-color has-text-color has-background has-link-color wp-elements-55deada6ab2434a154ba4c7112dadcf4" style="border-style:none;border-width:0px;border-radius:31px;padding-top:var(--wp--preset--spacing--50);padding-right:var(--wp--preset--spacing--50);padding-bottom:var(--wp--preset--spacing--50);padding-left:var(--wp--preset--spacing--50)"><div class="wp-block-media-text__content">
<h4 class="wp-block-heading">Netzwerk Alma</h4>



<p>alma ist ein Netzwerk von und für Landwirt*innen, Angehörige und Freund*innen behinderter Menschen und Integrationsbegleiter*innen- kurz, für alle, die mit der Beschäftigung von Menschen mit Behinderung in der Landwirtschaft zu tun haben.</p>



<p>Für das Netzwerk alma habe ich eine neue Website erstellt.</p>



<div class="wp-block-buttons is-layout-flex wp-block-buttons-is-layout-flex">
<div class="wp-block-button"><a class="wp-block-button__link has-primary-color has-background-background-color has-text-color has-background has-link-color wp-element-button" href="http://netzwerk-alma.de" target="_blank" rel="noreferrer noopener">Zur Website</a></div>
</div>
</div><figure class="wp-block-media-text__media"><img loading="lazy" decoding="async" width="1024" height="577" src="https://janommen.de/wp-content/uploads/2025/12/Bildschirmfoto-2025-12-04-um-08.45.58-e1764834571916-1024x577.jpg" alt="" class="wp-image-595 size-full" srcset="https://janommen.de/wp-content/uploads/2025/12/Bildschirmfoto-2025-12-04-um-08.45.58-e1764834571916-1024x577.jpg 1024w, https://janommen.de/wp-content/uploads/2025/12/Bildschirmfoto-2025-12-04-um-08.45.58-e1764834571916-300x169.jpg 300w, https://janommen.de/wp-content/uploads/2025/12/Bildschirmfoto-2025-12-04-um-08.45.58-e1764834571916-768x433.jpg 768w, https://janommen.de/wp-content/uploads/2025/12/Bildschirmfoto-2025-12-04-um-08.45.58-e1764834571916-1536x866.jpg 1536w, https://janommen.de/wp-content/uploads/2025/12/Bildschirmfoto-2025-12-04-um-08.45.58-e1764834571916-500x282.jpg 500w, https://janommen.de/wp-content/uploads/2025/12/Bildschirmfoto-2025-12-04-um-08.45.58-e1764834571916-800x451.jpg 800w, https://janommen.de/wp-content/uploads/2025/12/Bildschirmfoto-2025-12-04-um-08.45.58-e1764834571916-1280x721.jpg 1280w, https://janommen.de/wp-content/uploads/2025/12/Bildschirmfoto-2025-12-04-um-08.45.58-e1764834571916.jpg 1920w" sizes="auto, (max-width: 1024px) 100vw, 1024px" /></figure></div>



<div style="height:75px" aria-hidden="true" class="wp-block-spacer"></div>



<div class="wp-block-media-text is-stacked-on-mobile has-background-color has-primary-background-color has-text-color has-background has-link-color wp-elements-706f94a65a648691dec94fc6c0b76f99" style="border-radius:31px;padding-top:var(--wp--preset--spacing--50);padding-right:var(--wp--preset--spacing--50);padding-bottom:var(--wp--preset--spacing--50);padding-left:var(--wp--preset--spacing--50)"><figure class="wp-block-media-text__media"><img loading="lazy" decoding="async" width="1024" height="576" src="https://janommen.de/wp-content/uploads/2025/12/Bildschirmfoto-2025-12-19-um-14.03.21-e1766168233398-1024x576.jpg" alt="" class="wp-image-599 size-full"/></figure><div class="wp-block-media-text__content">
<h4 class="wp-block-heading">Weinberg Institut</h4>



<p>Seit 2017 lehrt das Team des Weinberg Instituts die Methode der „Traumabezogenen Spietherapie“ nach Dorothea Weinberg und bietet Seminare für die psychotherapeutische Arbeit mit komplex traumatisierten Kindern und Jugendlichen an.</p>



<p>Für das Weinberg Institut habe ich eine neue Website erstellt.</p>



<div class="wp-block-buttons is-layout-flex wp-block-buttons-is-layout-flex">
<div class="wp-block-button"><a class="wp-block-button__link has-primary-color has-background-background-color has-text-color has-background has-link-color wp-element-button" href="http://weinberg-institut.de" target="_blank" rel="noreferrer noopener">Zur Website</a></div>
</div>
</div></div>



<div style="height:75px" aria-hidden="true" class="wp-block-spacer"></div>



<p></p>
